 is g(-1)?
63
Let p(o) = -o**3 - 8*o**2 + 2. Calculate p(-8).
2
Let r(i) = -i**2 + 2*i + 10. Determine r(-3).
-5
Let w(c) = 17*c + 127. Calculate w(-7).
8
Let o(x) = 6*x + 7. Determine o(-2).
-5
Let t(v) = 2*v**2 + 4*v + 17. Determine t(5).
87
Let f(g) = g**2 - 23*g - 5. Determine f(16).
-117
Let r(i) = 3*i - 24. Give r(6).
-6
Let y(j) = -24*j + 109. Determine y(5).
-11
Let k(w) = -w**2 + 22*w - 58. What is k(5)?
27
Let x(w) = w - 20. What is x(18)?
-2
Let q(v) = 3*v**2 + v + 5. What is q(-2)?
15
Let f(d) = -d - 4. Give f(4).
-8
Let q(v) = -20*v + 21. Give q(1).
1
Let z(d) = -d**3 - 5*d**2 - 5*d. Determine z(-5).
25
Let o(z) = z + 10. Determine o(-4).
6
Let p(u) = -u**3 + 9*u**2 - 7*u - 7. What is p(7)?
42
Let f(i) = -i**2 - 62*i - 55. Calculate f(-61).
6
Let d(t) = -3*t + 48. What is d(18)?
-6
Let r(g) = -g**2 - 29*g + 532. Calculate r(13).
-14
Let x(l) = -16*l - 1. Calculate x(6).
-97
Let s(v) = -100*v - 406. Calculate s(-4).
-6
Let u(q) = -25*q + 13. Give u(4).
-87
Let k(d) = -d**2 - 68*d - 732. Calculate k(-55).
-17
Let d(c) = c**2 + 2*c - 2. What is d(-4)?
6
Let j(x) = x**2 + 4*x - 6. Calculate j(-5).
-1
Let m(b) = -5*b + 96. What is m(17)?
11
Let k(j) = j**3 + 8*j**2. What is k(0)?
0
Let b(f) = f**3 + 7*f**2 + 7*f + 6. Calculate b(-6).
0
Let g(t) = -t**3 + 10*t**2 - 16*t + 46. Give g(9).
-17
Let q(i) = -i**2 + 8*i + 14. What is q(8)?
14
Let s(p) = -p**2 + 4*p + 2. What is s(5)?
-3
Let k(s) = -2*s**2 + 11*s + 10. What is k(6)?
4
Let s(j) = -j**2 + j + 9. Give s(3).
3
Let s(d) = -d**3 + d**2 + d + 4. Give s(-4).
80
Let f(s) = s**2 - 16*s - 124. What is f(21)?
-19
Let u(m) = -m**2 + 4*m + 5. Determine u(-2).
-7
Let n(r) = 4*r - 34. Give n(9).
2
Let c(k) = k**3 - 25*k**2 + 114*k + 11. What is c(19)?
11
Let j(v) = v**2 + 10*v + 4. What is j(-10)?
4
Let m(v) = -7*v + 15. What is m(3)?
-6
Let d(s) = -26*s + 694. Determine d(27).
-8
Let b(s) = -s**3 + 5*s**2 - 15*s + 76. Determine b(5).
1
Let k(z) = -3*z + 16. Determine k(8).
-8
Let s(t) = 6*t**3 + 12*t**2 - 2*t + 2. What is s(-3)?
-46
Let s(z) = 2*z**3 - 90*z**2 - 89*z - 134. Determine s(46).
4
Let v(x) = 6*x**2 + x. Calculate v(-1).
5
Let f(p) = 8*p - 2. Give f(-1).
-10
Let z(i) = i - 17. What is z(0)?
-17
Let s(n) = -n**2 + 22*n - 122. Calculate s(15).
-17
Let x(z) = z**3 - 6*z**2 - z + 2. Calculate x(6).
-4
Let k(q) = q**3 + 10*q**2 - 5*q + 1. Determine k(-10).
51
Let p(s) = s + 1. Determine p(5).
6
Let c(q) = q**2 - 15. Calculate c(8).
49
Let k(r) = 4*r**2 + 9*r - 8. Determine k(1).
5
Let k(q) = -4*q - 26. What is k(-8)?
6
Let s(u) = 7*u**2 - 2*u - 8. Give s(2).
16
Let u(h) = h. Determine u(-3).
-3
Let y(x) = -5*x**2 - x + 2. What is y(-2)?
-16
Let h(t) = -6*t + 7. Calculate h(9).
-47
Let o(f) = 2*f**3 - 22*f**2 - f + 16. Determine o(11).
5
Let j(s) = 3*s**2 + 19*s + 23. Give j(-7).
37
Let q(x) = x**3 - 6*x**2 - 9*x + 15. Determine q(7).
1
Let g(v) = v**3 + 7*v**2 + 10*v + 3. Calculate g(-5).
3
Let p(j) = -j**3 - 11*j**2 - 7*j - 13. Determine p(-10).
-43
Let j(x) = x + 11. Determine j(-11).
0
Let b(r) = -r**2 - 9*r + 20. Determine b(-14).
-50
Let b(f) = -6*f + 1. Give b(0).
1
Let m(r) = 47*r - 230. Give m(5).
5
Let r(m) = -4*m - 25. What is r(-5)?
-5
Let p(n) = -n**3 - 13*n**2 - 32*n + 36. Determine p(-9).
0
Let r(y) = -2*y**2 + 22*y - 26. Determine r(10).
-6
Let o(g) = g**3 - 8*g**2 + 11*g. Determine o(6).
-6
Let b(g) = -2*g - 4. What is b(12)?
-28
Let m(j) = j**3 - 6*j**2 + j + 4. Determine m(6).
10
Let z(k) = -k**2 - 7*k - 10. What is z(-6)?
-4
Let l(x) = -x**3 - 8*x**2 + 10*x + 9. Calculate l(-9).
0
Let j(u) = 6*u - 10. Determine j(11).
56
Let x(a) = -66*a**3 + a**2 + 3*a - 3. Give x(1).
-65
Let b(x) = -x + 28. Give b(13).
15
Let v(r) = 3*r + 90. Give v(-19).
33
Let z(r) = 3*r**3 + 4*r**2 + r - 1. Give z(-3).
-49
Let u(g) = -6*g - 1. What is u(-4)?
23
Let q(h) = h - 15. What is q(-14)?
-29
Let l(q) = 2*q**3 - 4*q**2 - 9*q + 14. What is l(3)?
5
Let l(h) = h**2 - 8*h. What is l(4)?
-16
Let g(s) = 2*s**3 - 4*s**2 + 3*s + 1. Give g(1).
2
Let k(w) = 4*w + 36. Give k(-17).
-32
Let n(w) = w + 23. Determine n(-13).
10
Let c(z) = -27*z - 189. Calculate c(-6).
-27
Let g(k) = 9*k**3 - 2*k**2 - 3*k - 2. Give g(-1).
-10
Let z(r) = -20*r - 1199. Determine z(-60).
1
Let s(o) = 88*o + 5. Give s(0).
5
Let z(b) = b**3 + 9*b**2 + b - 2. Determine z(-9).
-11
Let t(m) = 12*m - 5. Give t(1).
7
Let d(a) = a**3 - 6*a**2 + 7*a + 2. Give d(5).
12
Let t(f) = f**3 + 6*f**2 - 5. Give t(-6).
-5
Let q(i) = -i**3 - 3*i**2 + 2*i. Determine q(-3).
-6
Let n(z) = 3*z + 9. What is n(6)?
27
Let f(l) = -l**2 - 21*l - 100. What is f(-7)?
-2
Let q(p) = 6*p - 5. What is q(-1)?
-11
Let f(l) = -l + 15. Calculate f(-8).
23
Let h(k) = -k**3 + 7*k**2 + 6*k - 12. What is h(8)?
-28
Let z(r) = -r**2 + 4*r + 55. Determine z(10).
-5
Let d(y) = 11*y - 3. Determine d(1).
8
Let d(g) = 5*g - 9. Determine d(4).
11
Let a(m) = -m**2 - 3*m + 1. Give a(4).
-27
Let a(b) = -12*b + 111. Determine a(9).
3
Let k(u) = -3*u + 5. What is k(4)?
-7
Let i(u) = 2*u**3 + 38*u**2 + 2*u + 31. Give i(-19).
-7
Let c(l) = -l - 1. Calculate c(3).
-4
Let x(a) = a**3 + 3*a**2 - 5*a + 4. Determine x(-5).
-21
Let h(z) = 11*z**2 - 13*z - 14. Calculate h(-1).
10
Let r(l) = -l - 6. What is r(-5)?
-1
Let a(y) = -19*y + 34. Calculate a(2).
-4
Let o(b) = b**2 - 4*b + 10. Determine o(3).
7
Let l(c) = c**2 + 9*c + 7. Determine l(-9).
7
Let s(m) = -m**2 - 71*m - 880. Give s(-55).
0
Let b(d) = -d**3 - 20*d**2 + 21*d + 16. Calculate b(-21).
16
Let w(j) = -2*j**3 - 4*j**2 - 2*j - 4. Calculate w(-3).
20
Let t(u) = -2*u**3 + 6*u**2 + 4*u + 1. Determine t(5).
-79
Let s(g) = 4*g - 27. Determine s(7).
1
Let f(z) = z**3 - 37*z - 8. Determine f(6).
-14
Let h(w) = -30*w + 19. What is h(1)?
-11
Let r(g) = -2*g**2 - 24*g - 20. What is r(-11)?
2
Let b(c) = -4*c**2 - 4*c + 4. Calculate b(4).
-76
Let z(k) = k**2 + 15*k - 4. Calculate z(-15).
-4
Let o(n) = 8*n**3 - n**2 - 6*n - 4. Give o(-1).
-7
Let r(a) = -11*a - 5. Determine r(-2).
17
Let f(r) = -r**2 + 15*r + 39. Give f(20).
-61
Let k(m) = -m**3 - 12*m**2 - 14*m + 4. What is k(-11)?
37
Let s(m) = m + 21. Determine s(-19).
2
Let d(k) = 2*k**2 + 11*k - 5. Give d(-6).
1
Let y(p) = -2*p - 27. Calculate y(-17).
7
Let g(r) = -r**2 + 5*r - 9. Give g(7).
-23
Let k(u) = 12*u. Give k(2).
24
Let f(o) = -o + 4. What is f(2)?
2
Let w(q) = q + 2. Calculate w(-37).
-35
Let q(w) = 18*w - 10. Give q(7).
116
Let r(v) = -15*v**3 - v**2 - 2*v + 2. Give r(1).
-16
Let x(l) = -2*l**3 - 3*l**2 + 4. Determine x(-3).
31
Let n(f) = f**2 + 13*f + 25. What is n(-10)?
-5
Let j(d) = -d**3 - 2*d**2 - d - 5. Determine j(0).
-5
Let i(h) = 6*h + 4. Give i(6).
40
Let q(o) = o + 2. What is q(-5)?
-3
Let p(m) = -m**3 - 11*m**2 + 9*m - 9. What is p(-12)?
27
Let g(y) = -y**3 - 10*y**2 - 17*y - 8. Calculate g(-8).
0
Let y(d) = -d**2 - 2*d + 7. What is y(-4)?
-1
Let y(i) = -14*i - 66. Calculate y(-5).
4
Let j(i) = -5*i + 1. Determine j(3).
-14
Let v(y) = -6*y**2 + 2. Give v(2).
-22
Let g(z) = -35*z - 59. Calculate g(-2).
11
Let a(s) = s**2 + 2*s - 27. What is a(5)?
8
Let u(x) = x**2 - 4*x - 17. Determine u(-2).
-5
Let r(b) = -b + 1. Calculate r(5).
-4
Let o(y) = 77*y**3 + y**2. What is o(1)?
78
Let g(i) = i**2 - 2*i + 7. Calculate g(5).
22
Let i(p) = 5*p**2 + 7*p - 1. Give i(-3).
23
Let i(j) = 2*j + 11. Give i(11).
33
Let x(q) = 6*q + 77. Calculate x(-14).
-7
Let y(d) = 2*d**2 + 11*d - 17. Give y(-10).
73
Let j(g) = g**2 - 7*g - 16. Determine j(-2).
2
Let k(y) = -y**2 + 41*y + 283. What is k(47)?
1
Let y(v) = -4*v**3 + v**2 + v - 2. What is y(1)?
-4
Let o(m) = -m**2 - 11*m - 8. Calculate o(-13).
-34
Let j(t) = -t**3 + 12*t**2 - 2*t + 2. What is j(12)?
-22
Let o(t) = -3*t - 14. What is o(-2)?
-8
Let u(v) = v**2 + 28*v + 52. Determine u(-26).
0
Let j(g) = -6*g**3 - g**2 - 31*g + 31. Calculate j(1).
-7
Let i(m) = -2*m - 8. Determine i(-3).
-2
Let w(r) = r**3 + 5*r**2 - 7*r - 4. Calculate w(-6).
2
Let h(r) = r**2 + 8*r - 15. What is h(3)?
18
Let o(a) = a**2 - 30. Calculate o(-5).
-5
Let x(c) = -26*c - 104. What is x(-4)?
0
Let m(r) = 6*r - 26. What is m(4)?
-2
Let g(p) = p**3 - 5*p**2 - 17*p + 62. What is g(3)?
-7
Let f(d) = -3*d**2 - 127*d - 164. Determine f(-41).
0
Let y(h) = -11*h - 86. Determine y(-9).
13
Let v(p) = -12*p + 23. Calculate v(2).
-1
Let p(h) = 6*h**2 - 15*h + 13. 